False
Is 77 a factor of 6776?
True
Is 5 a factor of 445?
True
Is 7 a factor of 25?
False
Is 840 a multiple of 35?
True
Does 16 divide 25488?
True
Is 267 a multiple of 33?
False
Is 181 a factor of 9410?
False
Is 79 a multiple of 13?
False
Is 2 a factor of 8115?
False
Is 24102 a multiple of 117?
True
Is 42300 a multiple of 100?
True
Is 127 a factor of 2032?
True
Does 90 divide 8640?
True
Is 20 a factor of 6490?
False
Is 31 a factor of 1829?
True
Is 343 a multiple of 25?
False
Does 10 divide 1105?
False
Is 12 a factor of 2017?
False
Does 10 divide 6650?
True
Is 2841 a multiple of 26?
False
Is 48 a factor of 144?
True
Does 15 divide 23415?
True
Is 16325 a multiple of 25?
True
Is 46 a multiple of 35?
False
Does 56 divide 34776?
True
Is 10 a factor of 481?
False
Is 7 a factor of 5264?
True
Is 5618 a multiple of 9?
False
Is 12166 a multiple of 22?
True
Does 13 divide 338?
True
Does 3 divide 249?
True
Is 51 a factor of 510?
True
Is 648 a multiple of 81?
True
Is 16 a factor of 9808?
True
Does 10 divide 13700?
True
Is 161 a factor of 3708?
False
Is 2121 a multiple of 10?
False
Is 13 a factor of 12714?
True
Is 654 a multiple of 31?
False
Is 8 a factor of 32?
True
Does 6 divide 145?
False
Is 26986 a multiple of 25?
False
Is 6549 a multiple of 59?
True
Does 2 divide 116?
True
Does 147 divide 13524?
True
Does 31 divide 465?
True
Is 97990 a multiple of 410?
True
Is 21 a factor of 672?
True
Does 3 divide 72?
True
Is 9 a factor of 3231?
True
Does 42 divide 27468?
True
Is 23667 a multiple of 161?
True
Is 3164 a multiple of 8?
False
Is 19 a factor of 1425?
True
Is 19992 a multiple of 119?
True
Does 10 divide 13392?
False
Is 5608 a multiple of 51?
False
Does 6 divide 18552?
True
Does 6 divide 3708?
True
Is 9558 a multiple of 81?
True
Is 22724 a multiple of 76?
True
Is 259 a factor of 75369?
True
Is 60 a factor of 49620?
True
Is 27 a factor of 20709?
True
Is 32 a factor of 800?
True
Does 27 divide 85227?
False
Is 2108 a multiple of 17?
True
Is 355 a multiple of 39?
False
Is 64 a factor of 3200?
True
Does 88 divide 24215?
False
Is 460 a multiple of 10?
True
Is 16942 a multiple of 43?
True
Is 19780 a multiple of 10?
True
Does 24 divide 9096?
True
Is 11 a factor of 55?
True
Does 14 divide 11059?
False
Is 149 a factor of 5960?
True
Does 12 divide 2088?
True
Does 106 divide 8374?
True
Is 5 a factor of 2125?
True
Does 10 divide 283?
False
Is 24 a factor of 261?
False
Is 9 a factor of 4534?
False
Is 18 a factor of 569?
False
Does 61 divide 2713?
False
Is 43 a factor of 6752?
False
Is 412 a factor of 86932?
True
Does 24 divide 6711?
False
Is 1359 a multiple of 7?
False
Is 4005 a multiple of 9?
True
Does 14 divide 33521?
False
Does 41 divide 992?
False
Is 3 a factor of 286?
False
Is 15 a factor of 7063?
False
Is 25160 a multiple of 10?
True
Is 10 a factor of 14781?
False
Does 145 divide 42591?
False
Is 41753 a multiple of 102?
False
Is 24706 a multiple of 55?
False
Is 22 a factor of 11686?
False
Is 62 a factor of 17856?
True
Is 48240 a multiple of 240?
True
Does 42 divide 882?
True
Does 7 divide 5427?
False
Does 83 divide 489?
False
Is 122 a factor of 46238?
True
Is 40 a multiple of 4?
True
Is 57 a factor of 798?
True
Is 475 a multiple of 21?
False
Is 391 a multiple of 17?
True
Does 16 divide 19616?
True
Is 91 a factor of 25339?
False
Is 88844 a multiple of 12?
False
Does 5 divide 4040?
True
Does 2 divide 243?
False
Is 12730 a multiple of 19?
True
Is 186 a multiple of 13?
False
Is 1873 a multiple of 55?
False
Is 5781 a multiple of 3?
True
Is 26 a factor of 1177?
False
Is 27 a factor of 8046?
True
Is 141241 a multiple of 63?
False
Is 58 a factor of 754?
True
Is 83570 a multiple of 27?
False
Does 18 divide 720?
True
Does 7 divide 8795?
False
Is 22 a factor of 352?
True
Is 20 a factor of 3280?
True
Is 23 a factor of 10320?
False
Is 32201 a multiple of 27?
False
Is 27 a factor of 745?
False
Is 12 a factor of 5112?
True
Is 15 a multiple of 4?
False
Is 53438 a multiple of 14?
True
Does 21 divide 24954?
False
Is 516 a multiple of 6?
True
Is 96 a factor of 1590?
False
Is 33 a factor of 264?
True
Is 1224 a multiple of 3?
True
Does 22 divide 462?
True
Does 38 divide 342?
True
Is 4944 a multiple of 24?
True
Is 9 a factor of 414?
True
Does 109 divide 2725?
True
Does 33 divide 1135?
False
Is 27 a factor of 3391?
False
Is 4 a factor of 79?
False
Does 4 divide 1220?
True
Does 30 divide 4873?
False
Is 2304 a multiple of 64?
True
Is 126 a multiple of 6?
True
Does 19 divide 1623?
False
Does 22 divide 2001?
False
Is 2177 a multiple of 37?
False
Is 3420 a multiple of 10?
True
Is 496 a multiple of 31?
True
Is 1360 a multiple of 8?
True
Does 23 divide 12297?
False
Is 20800 a multiple of 113?
False
Does 6 divide 270?
True
Does 23 divide 8575?
False
Does 70 divide 2939?
False
Is 21037 a multiple of 109?
True
Is 98 a factor of 1666?
True
Is 11699 a multiple of 8?
False
Is 30 a factor of 1385?
False
Is 5845 a multiple of 5?
True
Is 136 a factor of 2836?
False
Is 18 a factor of 51319?
False
Does 18 divide 1251?
False
Does 8 divide 64?
True
Is 14 a factor of 166866?
True
Is 10198 a multiple of 18?
False
Is 90 a factor of 1260?
True
Does 3 divide 33?
True
Is 9913 a multiple of 23?
True
Does 24 divide 144?
True
Does 57 divide 13225?
False
Is 37800 a multiple of 15?
True
Does 35 divide 2718?
False
Does 185 divide 28766?
False
Does 62 divide 372?
True
Is 65 a factor of 17290?
True
Is 528 a multiple of 33?
True
Is 13152 a multiple of 16?
True
Does 8 divide 6056?
True
Is 54 a factor of 4158?
True
Does 33 divide 5314?
False
Is 8993 a multiple of 23?
True
Is 36942 a multiple of 80?
False
Is 22 a factor of 11176?
True
Is 21224 a multiple of 16?
False
Does 157 divide 43489?
True
Is 810 a multiple of 9?
True
Is 36 a factor of 2765?
False
Does 72 divide 33826?
False
Is 24085 a multiple of 5?
True
Is 49286 a multiple of 38?
True
Is 38038 a multiple of 22?
True
Is 64 a factor of 12736?
True
Does 6 divide 1618?
False
Is 166 a multiple of 4?
False
Is 2608 a multiple of 163?
True
Is 182 a factor of 3180?
False
Is 16 a factor of 8000?
True
Is 5 a factor of 1240?
True
Does 268 divide 91875?
False
Is 9072 a multiple of 324?
True
Is 1182 a multiple of 7?
False
Does 141 divide 35698?
False
Is 6174 a multiple of 27?
False
Is 1209 a multiple of 13?
True
Is 44 a factor of 743?
False
Is 20 a factor of 4525?
False
Is 115 a multiple of 23?
True
Does 14 divide 3993?
False
Does 73 divide 199?
False
Does 42 divide 829?
False
Does 41 divide 1981?
False
Is 1190 a multiple of 11?
False
Does 9 divide 1029?
False
Does 81 divide 2673?
True
Does 10 divide 193?
False
Is 530 a multiple of 10?
True
Is 2744 a multiple of 7?
True
Is 48104 a multiple of 56?
True
Does 16 divide 27856?
True
Is 9772 a multiple of 111?
False
Is 3306 a multiple of 38?
True
Does 38 divide 387?
False
Is 650 a multiple of 13?
True
Does 30 divide 6690?
True
Is 26 a factor of 1457?
False
Is 167 a factor of 7263?
False
Is 3 a factor of 399?
True
Is 12 a factor of 99684?
True
Is 6 a factor of 2099?
False
Is 18 a factor of 822?
False
Is 1190 a multiple of 34?
True
Is 5 a factor of 247?
False
Does 11 divide 1892?
True
Is 7 a factor of 55024?
False
Is 53618 a multiple of 83?
True
Is 12 a factor of 17277?
False
Is 759 a multiple of 2?
False
Is 63 a factor of 759?
False
Is 2508 a multiple of 57?
True
Does 31 divide 754?
False
Is 4260 a multiple of 21?
False
Does 10 divide 170?
True
Is 27 a factor of 51867?
True
Is 11 a factor of 452?
False
Is 50272 a multiple of 35?
False
Is 7 a factor of 35?
True
Is 33 a factor of 3168?
True
Is 42 a factor of 4103?
False
Is 7 a factor of 2186?
False
Is 74179 a multiple of 12?
False
Does 68 divide 18632?
True
Does 71 divide 15258?
False
Does 5 divide 133?
False
Is 7701 a multiple of 79?
False
Is 112 a factor of 31472?
True
Is 31 a factor of 341?
True
Is 517 a multiple of 4?
False
Is 3526 a multiple of 68?
False
Is 19 a factor of 9671?
True
Is 985 a multiple of 26?
False
Is 19 a factor of 266?
True
Is 16048 a multiple of 118?
True
Is 1941 a multiple of 64?
False
Is 14 a factor of 2044?
True
Is 3 a factor of 11746?
False
Is 88093 a multiple of 13?
False
Does 121 divide 8357?
False
Does 6 divide 14604?
True
Does 19 divide 26949?
False
Does 26 divide 416?
True
Is 31 a factor of 1021?
False
Does 23 divide 1583?
False
Is 4312 a multiple of 98?
